ctors of i?
29
Let w = 19 - 19. Suppose w = v - 3 + 8. Let f = v + 9. List the prime factors of f.
2
Let o(r) = -r**2 - 27*r + 95. What are the prime factors of o(-28)?
67
Let p(h) = h**3 - h + 126. What are the prime factors of p(0)?
2, 3, 7
Suppose -7 = -2*q + 3, -c - 2*q = -17. Suppose -g = -12*u + c*u - 68, -3*g + u = -246. List the prime factors of g.
83
Let g(c) = -51*c**3 - 2*c**2 - 2*c - 1. Let f be g(-1). Suppose -12*m + 9*m + 15 = 0. Suppose 2*h + 35 = m*t, 3*h = -4*t + f + 1. List the prime factors of t.
3
Suppose 850 = -9*h + 5881. List the prime factors of h.
13, 43
Let i = 14 - 11. Let g = i - -73. List the prime factors of g.
2, 19
Suppose -4*g - w - 69 = 0, -7 - 48 = 3*g + 4*w. Let z = g - -57. Suppose -5*b = -5*d - z, 3*d + 29 = 3*b + 5*d. What are the prime factors of b?
3
Let n be 6 - (-3 + 0) - 4. Suppose -4*q + 3*j - 91 = -8*q, 115 = n*q + 5*j. List the prime factors of q.
2, 11
Suppose -4*j = -0*j + 80. Let t = -16 - j. Suppose t*p = 3*p + 49. List the prime factors of p.
7
Suppose 164 = -6*i + 1412. List the prime factors of i.
2, 13
Let m(z) = z**3 - 25*z**2 - 13*z - 41. Let j be m(29). List the prime factors of 2/(-7) - j/(-21).
2, 5, 7
Suppose -u - 4*u - 80 = 0. Let f = u - -20. Suppose -f*b = b - 15. What are the prime factors of b?
3
Let u(r) = -120*r**3 + 5*r + 6. List the prime factors of u(-2).
2, 239
Suppose -2*g - 324 = -v, -4*v + 3*g = 110 - 1411. List the prime factors of v.
2, 163
Suppose -u + 4*j - 3580 = -4*u, 4*u + 2*j - 4770 = 0. What are the prime factors of u?
2, 149
Suppose -33*g + 2034 = -24*g. List the prime factors of g.
2, 113
Let c(i) = -16*i - 16. Suppose 14*r + 36 = 10*r. Let x be c(r). Let l = 192 - x. List the prime factors of l.
2
Let l = 203 + 127. List the prime factors of l.
2, 3, 5, 11
Let o be 2*6*(-2)/(-8). Let q be o/(-2) + 28/(-8). What are the prime factors of (-6 - q)*(-48)/2?
2, 3
Let p = 1185 + 155. What are the prime factors of p?
2, 5, 67
Suppose 4*w - 201 = 1927. List the prime factors of w.
2, 7, 19
Suppose -2*d = -6*a + 2*a + 40, -2*a + 72 = -3*d. List the prime factors of ((-39)/d)/(2/40).
2, 3, 5
Suppose 1831*u = 1840*u - 21969. List the prime factors of u.
2441
Let x = -3314 - -5617. List the prime factors of x.
7, 47
Suppose -2955*y = -2944*y - 28666. What are the prime factors of y?
2, 1303
List the prime factors of (-12)/120*15*926/(-3).
463
Let m(k) = -k**2 + 7*k - 3. Let h be m(6). Suppose -h*w = 5*w - 712. List the prime factors of w.
89
Suppose -3*w + 1 + 15 = 4*z, -20 = 3*w - 5*z. Suppose 2*g - s - 32 = s, w = -4*g - 3*s + 43. What are the prime factors of g?
13
Suppose -6*z + 10*z = -3*l - 765, 5*l - z = -1298. Let y = l + 389. List the prime factors of y.
2, 5, 13
Let s(z) = z**2 + 11*z. Let c be s(-11). Suppose c*d + 3*d = -252. Let h = -39 - d. What are the prime factors of h?
3, 5
Suppose -1581 = -7*p + 5874. List the prime factors of p.
3, 5, 71
Let f = -228 + 440. Let x = f + 28. What are the prime factors of x?
2, 3, 5
Let q = -7 + 6. List the prime factors of 2*q - (-52 - 10).
2, 3, 5
Let i be -2*(900/(-8) + 3). Let p = -34 + i. What are the prime factors of p?
5, 37
Let r(f) = -4 - 1 + 18*f - 4. List the prime factors of r(3).
3, 5
Let y(x) = -x**3 - 31*x**2 - 60*x + 223. List the prime factors of y(-30).
1123
Let h(q) = 558*q**2 - 8*q + 6. What are the prime factors of h(1)?
2, 139
Let i(a) = -a**3 - 47*a**2 + 50*a + 54. List the prime factors of i(-50).
2, 7, 19
Suppose -5*q + q = 4*x - 2892, -5*x - 15 = 0. What are the prime factors of q?
2, 3, 11
Let r = -12 - 3. Let s = -15 - r. Suppose -t + 0*t - 2*h = s, 2*t - 3 = -h. List the prime factors of t.
2
List the prime factors of 244/((-4)/(-9)*(-45)/(-10)).
2, 61
Suppose -1695 = -p - 3*c, c - 8517 = 109*p - 114*p. What are the prime factors of p?
2, 3, 71
Suppose p = 2*p + 3*v + 30, 0 = -2*v - 8. Let b = 37 + p. What are the prime factors of b?
19
Let y(h) = -11*h**2 - 12*h - 1. Let s(n) = 5*n**2 + 6*n. Let j(w) = 9*s(w) + 4*y(w). List the prime factors of j(-8).
2, 3
Let l = -15 + -1. Let t(o) = -6*o - 26. What are the prime factors of t(l)?
2, 5, 7
Suppose 4*z + 149 = 849. List the prime factors of z.
5, 7
Suppose 4 = n, 4*r + 8*n - 5164 = 5*n. List the prime factors of r.
2, 7, 23
Suppose -4*k - 2*m = -584, -557 = -4*k + 5*m + 13. What are the prime factors of 0 + k + 12*4/16?
2, 37
Let r = -3 - -6. Suppose 2*m - r = 1. Let h = 5 + m. List the prime factors of h.
7
Let d be -4 + 21*2/6. Suppose -5*p = 4*j - 73, -4*p + 30 = d*j - 24. What are the prime factors of j?
2, 11
Suppose -g + 0 = 28. List the prime factors of (4 - 9 - -4) + (-1 - g).
2, 13
Let q = -19 + 31. Let l = -12 + q. Suppose -5*w + 50 = -5*m, -2 + l = -w + 5*m. List the prime factors of w.
2, 3
Let u = 20 - 14. Suppose -3*h - 5*s = -230, 5*h = -u*s + s + 380. List the prime factors of h.
3, 5
Let p(a) = -25*a - 45. What are the prime factors of p(-15)?
2, 3, 5, 11
Let i(a) = -a**3 - 6*a**2 - 3*a - 8. Let l be i(-6). Suppose l = -d + 3*d, -j + 64 = 3*d. List the prime factors of j.
7
Suppose 39*f = 11*f + 23940. List the prime factors of f.
3, 5, 19
Let g = -31 - -33. Let d be 30/9 + 2/(-6). Suppose m - g*m = -d. What are the prime factors of m?
3
Suppose 3*h + 4 + 14 = 0. What are the prime factors of (-4)/h + (-256)/(-12) + -3?
19
Let n be 12/(1 - -3) - 0. Suppose -f + n*l = -101, -5*f + 5*l = -62 - 423. List the prime factors of f.
5, 19
Let q = 12 - 14. Let b = 2 - q. Suppose 2*h + 3*h + b*n - 65 = 0, h + 2*n - 19 = 0. List the prime factors of h.
3
Suppose 0 = 75*m - 76*m + 304. What are the prime factors of 21/(-14)*(m/(-6) + 0)?
2, 19
Suppose 2*m = 2*p + 3*p - 17, p - 3*m = 6. Let r = -7 + p. List the prime factors of 13 - 5*r/(-10).
11
Suppose -3851 = -5*r + 2349. Suppose 3*v + 7*v - r = 0. What are the prime factors of v?
2, 31
Suppose -3*n + 69 = l, 4*l - 276 = -2*n - 3*n. Let i = l - 25. List the prime factors of i.
2, 11
Suppose -6*o + 4 = -2*o, -3*o + 18 = -j. Let i = j - -33. List the prime factors of i.
2, 3
List the prime factors of (-894)/(-4)*(20/(-6) + 4).
149
Let f(k) = -k**3 + k**2 - 1. Let q(r) = 147*r**3 + 4*r**2 - r - 4. Let i(y) = 4*f(y) - q(y). List the prime factors of i(-1).
2, 3, 5
Let w be -5 - (0 + 0 + 2). Suppose 46 = -6*i + 8*i. Let k = w + i. What are the prime factors of k?
2
List the prime factors of ((-204)/30 + 7)*(4 + 16101).
3221
Suppose -r - r = 0. Let q be (5 - 2) + r/(-2). Suppose -y = q, -3*g + 4*g - 5*y = 34. What are the prime factors of g?
19
Suppose -d = -l - 4*d + 131, -l - 4*d = -131. Let a = l - -6. List the prime factors of a.
137
Suppose 3*n - 15 + 6 = -3*i, -i + 3*n = -7. Let h(b) = -3*b - 4 + i*b - 6*b**3 + 3 + 3. List the prime factors of h(-2).
2, 3
Let y(g) = 70*g**3 - 4*g**2 + 2*g. Let a be y(2). Suppose 0 = -8*p + 4*p + a. What are the prime factors of p?
137
Suppose 0 = 3*c + 62 - 191. Suppose 2*j = 5*d + c, -11 = -j + d + 3. List the prime factors of 13 - j - 1*2.
2
Suppose 0 = -7*t + 1496 - 334. Let i = t - 115. What are the prime factors of i?
3, 17
Suppose i = 2163 + 1209. What are the prime factors of i?
2, 3, 281
Let l = 495 + 567. What are the prime factors of l?
2, 3, 59
Let o(q) = 4*q + 7. Let g be o(3). Suppose t = d + 9, t + t + 5*d + 17 = 0. Suppose g = f + t. List the prime factors of f.
3, 5
Let l(g) = -10*g**2 + 18*g + 43. Let a(k) = 7*k**2 - 12*k - 29. Let r(p) = 7*a(p) + 5*l(p). Let n be r(6). What are the prime factors of -1*60*(-6)/n?
2, 3, 5
Suppose 2*p + 2 = -2, -4*p - 6 = -i. Suppose 0 = 3*l + a - 18, -8 = -4*l + 8*a - 4*a. What are the prime factors of 38/(-1 + i + l)?
19
Suppose -6 = -3*s + 3, -q = -3*s - 410. What are the prime factors of q?
419
Let f(l) = l**3 - 10*l**2 + 9*l. Let g be f(9). Suppose -5*q + 193 + 107 = g. List the prime factors of q.
2, 3, 5
Let o = -156 - -294. Suppose 3*a = 2*a + o. Suppose 6*q = a - 36. What are the prime factors of q?
17
Let i be (-50)/(-6) - (-4)/6. Let l = i - 43. What are the prime factors of 8/(-32) + l/(-8)?
2
Let z = -3 - 100. Let v = 224 + z. List the prime factors of v.
11
Let h(n) = -n**2 + n + 4. Let g be h(0). Let m be 6/g - 9/(-6). What are the prime factors of 1/(4*m/120)?
2, 5
Let a(y) = y**2 + 10*y + 1. Let v be a(-10). What are the prime factors of v/(2 - (-561)/(-282))?
2, 47
Suppose -4*t = 5